{"id":3051,"date":"2019-10-21T07:35:49","date_gmt":"2019-10-21T07:35:49","guid":{"rendered":"https:\/\/elessi.nasatheme.com\/?page_id=3051"},"modified":"2020-08-13T21:09:33","modified_gmt":"2020-08-13T18:09:33","slug":"hakkimizda","status":"publish","type":"page","link":"https:\/\/erciyesderi.com\/index.php\/hakkimizda\/","title":{"rendered":"Hakk\u0131m\u0131zda"},"content":{"rendered":"<p>[vc_row el_class=&#8221;margin-top-80 mobile-margin-top-50&#8243;][vc_column][vc_separator][vc_separator][\/vc_column][\/vc_row][vc_row el_class=&#8221;margin-top-80 mobile-margin-top-50&#8243;][vc_column width=&#8221;2\/3&#8243;][vc_column_text css_animation=&#8221;none&#8221;]<\/p>\n<div class=\"body\">\n<div class=\"content\">\n<div class=\"hakkimizda_icerik_1\">\n<h3 class=\"hakkimizda_paragraf\" style=\"text-align: center;\"><span style=\"vertical-align: inherit;\"><span style=\"vertical-align: inherit;\"><span style=\"vertical-align: inherit;\"><span style=\"vertical-align: inherit;\">Erciyes Deri <\/span><\/span><\/span><\/span><span style=\"vertical-align: inherit;\"><span style=\"vertical-align: inherit;\"><span style=\"vertical-align: inherit;\"><span style=\"vertical-align: inherit;\">olarak 1986 y\u0131l\u0131nda Kazl\u0131\u00e7e\u015fme&#8217;de dericilik faaliyetlerine ba\u015flam\u0131\u015ft\u0131r. Kurumumuz 1993 y\u0131l\u0131ndan itibaren Tuzla Deri Organize Sanayi B\u00f6lgesi&#8217;nde faaliyetlerine devam etmektedir.<\/span><\/span><\/span><\/span><\/h3>\n<h3 style=\"text-align: center;\">\u00a0 \u00a0 \u00a0 \u00a0 \u00a0 \u00a0 \u00a0\u00d6zellikle ayakkab\u0131, c\u00fczdan, kemer ve \u00e7anta imalat\u0131na y\u00f6nelik deri \u00fcr\u00fcnleri \u00fcreten ERC\u0130YES DER\u0130, geni\u015f renkli ve farkl\u0131 \u00fcr\u00fcnleriyle i\u00e7 ve d\u0131\u015f piyasada faaliyet g\u00f6stermektedir.<\/h3>\n<p style=\"text-align: center;\">\n<\/div>\n<\/div>\n<\/div>\n<p>[\/vc_column_text][\/vc_column][vc_column width=&#8221;1\/3&#8243;][vc_single_image image=&#8221;3389&#8243; img_size=&#8221;large&#8221; alignment=&#8221;center&#8221; style=&#8221;vc_box_shadow_border_circle_2&#8243;][\/vc_column][\/vc_row]<\/p>\n","protected":false},"excerpt":{"rendered":"<p>[vc_row el_class=&#8221;margin-top-80 mobile-margin-top-50&#8243;][vc_column][vc_separator][vc_separator][\/vc_column][\/vc_row][vc_row el_class=&#8221;margin-top-80 mobile-margin-top-50&#8243;][vc_column width=&#8221;2\/3&#8243;][vc_column_text css_animation=&#8221;none&#8221;] Erciyes Deri olarak 1986 y\u0131l\u0131nda Kazl\u0131\u00e7e\u015fme&#8217;de dericilik faaliyetlerine ba\u015flam\u0131\u015ft\u0131r. Kurumumuz 1993 y\u0131l\u0131ndan itibaren Tuzla Deri Organize Sanayi B\u00f6lgesi&#8217;nde faaliyetlerine devam etmektedir. \u00a0 \u00a0 \u00a0 \u00a0 \u00a0 \u00a0 \u00a0\u00d6zellikle ayakkab\u0131, c\u00fczdan, kemer ve \u00e7anta imalat\u0131na y\u00f6nelik deri \u00fcr\u00fcnleri \u00fcreten ERC\u0130YES DER\u0130, geni\u015f renkli ve farkl\u0131 \u00fcr\u00fcnleriyle i\u00e7 ve d\u0131\u015f [&hellip;]<\/p>\n","protected":false},"author":1,"featured_media":0,"parent":0,"menu_order":0,"comment_status":"closed","ping_status":"closed","template":"page-visual-composer.php","meta":[],"yoast_head":"<!-- This site is optimized with the Yoast SEO plugin v18.2 - https:\/\/yoast.com\/wordpress\/plugins\/seo\/ -->\n<title>Hakk\u0131m\u0131zda - Erciyes Deri<\/title>\n<meta name=\"robots\" content=\"index, follow, max-snippet:-1, max-image-preview:large, max-video-preview:-1\" \/>\n<link rel=\"canonical\" href=\"https:\/\/erciyesderi.com\/index.php\/hakkimizda\/\" \/>\n<meta property=\"og:locale\" content=\"tr_TR\" \/>\n<meta property=\"og:type\" content=\"article\" \/>\n<meta property=\"og:title\" content=\"Hakk\u0131m\u0131zda - Erciyes Deri\" \/>\n<meta property=\"og:description\" content=\"[vc_row el_class=&#8221;margin-top-80 mobile-margin-top-50&#8243;][vc_column][vc_separator][vc_separator][\/vc_column][\/vc_row][vc_row el_class=&#8221;margin-top-80 mobile-margin-top-50&#8243;][vc_column width=&#8221;2\/3&#8243;][vc_column_text css_animation=&#8221;none&#8221;] Erciyes Deri olarak 1986 y\u0131l\u0131nda Kazl\u0131\u00e7e\u015fme&#8217;de dericilik faaliyetlerine ba\u015flam\u0131\u015ft\u0131r. Kurumumuz 1993 y\u0131l\u0131ndan itibaren Tuzla Deri Organize Sanayi B\u00f6lgesi&#8217;nde faaliyetlerine devam etmektedir. \u00a0 \u00a0 \u00a0 \u00a0 \u00a0 \u00a0 \u00a0\u00d6zellikle ayakkab\u0131, c\u00fczdan, kemer ve \u00e7anta imalat\u0131na y\u00f6nelik deri \u00fcr\u00fcnleri \u00fcreten ERC\u0130YES DER\u0130, geni\u015f renkli ve farkl\u0131 \u00fcr\u00fcnleriyle i\u00e7 ve d\u0131\u015f [&hellip;]\" \/>\n<meta property=\"og:url\" content=\"https:\/\/erciyesderi.com\/index.php\/hakkimizda\/\" \/>\n<meta property=\"og:site_name\" content=\"Erciyes Deri\" \/>\n<meta property=\"article:modified_time\" content=\"2020-08-13T18:09:33+00:00\" \/>\n<meta name=\"twitter:card\" content=\"summary_large_image\" \/>\n<meta name=\"twitter:label1\" content=\"Tahmini okuma s\u00fcresi\" \/>\n\t<meta name=\"twitter:data1\" content=\"1 dakika\" \/>\n<script type=\"application\/ld+json\" class=\"yoast-schema-graph\">{\"@context\":\"https:\/\/schema.org\",\"@graph\":[{\"@type\":\"WebSite\",\"@id\":\"https:\/\/erciyesderi.com\/#website\",\"url\":\"https:\/\/erciyesderi.com\/\",\"name\":\"Erciyes Deri\",\"description\":\"Deri \u00dcreticisi\",\"potentialAction\":[{\"@type\":\"SearchAction\",\"target\":{\"@type\":\"EntryPoint\",\"urlTemplate\":\"https:\/\/erciyesderi.com\/?s={search_term_string}\"},\"query-input\":\"required name=search_term_string\"}],\"inLanguage\":\"tr\"},{\"@type\":\"WebPage\",\"@id\":\"https:\/\/erciyesderi.com\/index.php\/hakkimizda\/#webpage\",\"url\":\"https:\/\/erciyesderi.com\/index.php\/hakkimizda\/\",\"name\":\"Hakk\u0131m\u0131zda - Erciyes Deri\",\"isPartOf\":{\"@id\":\"https:\/\/erciyesderi.com\/#website\"},\"datePublished\":\"2019-10-21T07:35:49+00:00\",\"dateModified\":\"2020-08-13T18:09:33+00:00\",\"breadcrumb\":{\"@id\":\"https:\/\/erciyesderi.com\/index.php\/hakkimizda\/#breadcrumb\"},\"inLanguage\":\"tr\",\"potentialAction\":[{\"@type\":\"ReadAction\",\"target\":[\"https:\/\/erciyesderi.com\/index.php\/hakkimizda\/\"]}]},{\"@type\":\"BreadcrumbList\",\"@id\":\"https:\/\/erciyesderi.com\/index.php\/hakkimizda\/#breadcrumb\",\"itemListElement\":[{\"@type\":\"ListItem\",\"position\":1,\"name\":\"Anasayfa\",\"item\":\"https:\/\/erciyesderi.com\/\"},{\"@type\":\"ListItem\",\"position\":2,\"name\":\"Hakk\u0131m\u0131zda\"}]}]}<\/script>\n<!-- \/ Yoast SEO plugin. -->","yoast_head_json":{"title":"Hakk\u0131m\u0131zda - Erciyes Deri","robots":{"index":"index","follow":"follow","max-snippet":"max-snippet:-1","max-image-preview":"max-image-preview:large","max-video-preview":"max-video-preview:-1"},"canonical":"https:\/\/erciyesderi.com\/index.php\/hakkimizda\/","og_locale":"tr_TR","og_type":"article","og_title":"Hakk\u0131m\u0131zda - Erciyes Deri","og_description":"[vc_row el_class=&#8221;margin-top-80 mobile-margin-top-50&#8243;][vc_column][vc_separator][vc_separator][\/vc_column][\/vc_row][vc_row el_class=&#8221;margin-top-80 mobile-margin-top-50&#8243;][vc_column width=&#8221;2\/3&#8243;][vc_column_text css_animation=&#8221;none&#8221;] Erciyes Deri olarak 1986 y\u0131l\u0131nda Kazl\u0131\u00e7e\u015fme&#8217;de dericilik faaliyetlerine ba\u015flam\u0131\u015ft\u0131r. Kurumumuz 1993 y\u0131l\u0131ndan itibaren Tuzla Deri Organize Sanayi B\u00f6lgesi&#8217;nde faaliyetlerine devam etmektedir. \u00a0 \u00a0 \u00a0 \u00a0 \u00a0 \u00a0 \u00a0\u00d6zellikle ayakkab\u0131, c\u00fczdan, kemer ve \u00e7anta imalat\u0131na y\u00f6nelik deri \u00fcr\u00fcnleri \u00fcreten ERC\u0130YES DER\u0130, geni\u015f renkli ve farkl\u0131 \u00fcr\u00fcnleriyle i\u00e7 ve d\u0131\u015f [&hellip;]","og_url":"https:\/\/erciyesderi.com\/index.php\/hakkimizda\/","og_site_name":"Erciyes Deri","article_modified_time":"2020-08-13T18:09:33+00:00","twitter_card":"summary_large_image","twitter_misc":{"Tahmini okuma s\u00fcresi":"1 dakika"},"schema":{"@context":"https:\/\/schema.org","@graph":[{"@type":"WebSite","@id":"https:\/\/erciyesderi.com\/#website","url":"https:\/\/erciyesderi.com\/","name":"Erciyes Deri","description":"Deri \u00dcreticisi","potentialAction":[{"@type":"SearchAction","target":{"@type":"EntryPoint","urlTemplate":"https:\/\/erciyesderi.com\/?s={search_term_string}"},"query-input":"required name=search_term_string"}],"inLanguage":"tr"},{"@type":"WebPage","@id":"https:\/\/erciyesderi.com\/index.php\/hakkimizda\/#webpage","url":"https:\/\/erciyesderi.com\/index.php\/hakkimizda\/","name":"Hakk\u0131m\u0131zda - Erciyes Deri","isPartOf":{"@id":"https:\/\/erciyesderi.com\/#website"},"datePublished":"2019-10-21T07:35:49+00:00","dateModified":"2020-08-13T18:09:33+00:00","breadcrumb":{"@id":"https:\/\/erciyesderi.com\/index.php\/hakkimizda\/#breadcrumb"},"inLanguage":"tr","potentialAction":[{"@type":"ReadAction","target":["https:\/\/erciyesderi.com\/index.php\/hakkimizda\/"]}]},{"@type":"BreadcrumbList","@id":"https:\/\/erciyesderi.com\/index.php\/hakkimizda\/#breadcrumb","itemListElement":[{"@type":"ListItem","position":1,"name":"Anasayfa","item":"https:\/\/erciyesderi.com\/"},{"@type":"ListItem","position":2,"name":"Hakk\u0131m\u0131zda"}]}]}},"_links":{"self":[{"href":"https:\/\/erciyesderi.com\/index.php\/wp-json\/wp\/v2\/pages\/3051"}],"collection":[{"href":"https:\/\/erciyesderi.com\/index.php\/wp-json\/wp\/v2\/pages"}],"about":[{"href":"https:\/\/erciyesderi.com\/index.php\/wp-json\/wp\/v2\/types\/page"}],"author":[{"embeddable":true,"href":"https:\/\/erciyesderi.com\/index.php\/wp-json\/wp\/v2\/users\/1"}],"replies":[{"embeddable":true,"href":"https:\/\/erciyesderi.com\/index.php\/wp-json\/wp\/v2\/comments?post=3051"}],"version-history":[{"count":30,"href":"https:\/\/erciyesderi.com\/index.php\/wp-json\/wp\/v2\/pages\/3051\/revisions"}],"predecessor-version":[{"id":4295,"href":"https:\/\/erciyesderi.com\/index.php\/wp-json\/wp\/v2\/pages\/3051\/revisions\/4295"}],"wp:attachment":[{"href":"https:\/\/erciyesderi.com\/index.php\/wp-json\/wp\/v2\/media?parent=3051"}],"curies":[{"name":"wp","href":"https:\/\/api.w.org\/{rel}","templated":true}]}}