{"id":4385,"date":"2022-04-18T19:00:08","date_gmt":"2022-04-18T16:00:08","guid":{"rendered":"https:\/\/erciyesderi.com\/?page_id=4385"},"modified":"2022-05-10T20:26:49","modified_gmt":"2022-05-10T17:26:49","slug":"deri-uretim-surecleri-hakkinda-bilmeniz-gerekenler","status":"publish","type":"page","link":"https:\/\/erciyesderi.com\/index.php\/deri-uretim-surecleri-hakkinda-bilmeniz-gerekenler\/","title":{"rendered":"Deri \u00dcretim S\u00fcre\u00e7leri Hakk\u0131nda Bilmeniz Gerekenler"},"content":{"rendered":"<p>[vc_row][vc_column][vc_column_text]<\/p>\n<p>&nbsp;<\/p>\n<p>&nbsp;<\/p>\n<p><strong>Deri \u00dcretim S\u00fcre\u00e7leri Hakk\u0131nda Bilmeniz Gerekenler<\/strong><\/p>\n<p>&nbsp;<\/p>\n<p>\u00a0 \u00a0<\/p>\n<p>Giydi\u011fimiz deri ceketten, oturdu\u011fumuz koltu\u011fa, kulland\u0131\u011f\u0131m\u0131z c\u00fczdanlardan giydi\u011fimiz ayakkab\u0131lara kadar deri kullan\u0131m\u0131 ile hayat\u0131m\u0131z\u0131n pek \u00e7ok alan\u0131nda kar\u015f\u0131la\u015f\u0131yoruz. Kulland\u0131\u011f\u0131m\u0131z t\u00fcm deri \u00fcr\u00fcnlerin uzun \u00f6m\u00fcrl\u00fc ve dayan\u0131kl\u0131 olmas\u0131 hepimiz i\u00e7in olduk\u00e7a \u00f6nemli. Peki, g\u00fcnl\u00fck hayatta s\u0131k s\u0131k kulland\u0131\u011f\u0131m\u0131z bu \u00fcr\u00fcnlerde kullan\u0131lan ger\u00e7ek deri nas\u0131l \u00fcretiliyor ve hangi a\u015famalardan ge\u00e7iyor biliyor musunuz?<\/p>\n\n<p>Deri malzemeler, hayvan ham derilerinin belirli a\u015famalardan ge\u00e7mesi ile elde edilir. Deri \u00fcretim s\u00fcreci temelde 3 alt i\u015flemden olu\u015fur. Bunlardan birincisi haz\u0131rl\u0131k a\u015famas\u0131, ikincisi tabaklama ve \u00fc\u00e7\u00fcnc\u00fcs\u00fc ise kabuklamad\u0131r. T\u00fcm ger\u00e7ek derilerin \u00fcretim s\u00fcreci bu 3 a\u015fama \u00f6zelinde ilerlemektedir. Ham hayvan postunun bu a\u015famalar\u0131n tamam\u0131ndan \u00f6zenli ve titizlik ile ge\u00e7iyor olmas\u0131 elde edilecek derinin kalitesini artt\u0131rmaktad\u0131r.<\/p>\n\n<p>Bir\u00e7ok farkl\u0131 deri \u00e7e\u015fidi olmas\u0131 sebebi ile \u00fcretim s\u00fcre\u00e7lerinde farkl\u0131l\u0131klar g\u00f6r\u00fclmektedir. Temelde hangi a\u015famalar ile ilerledi\u011fini a\u015fa\u011f\u0131da detayl\u0131 olarak sizlerle payla\u015f\u0131yoruz.<\/p>\n<br \/>\n<ol type=\"1\">\n<li><strong>Koruma: <\/strong>Ham hayvan postunun ge\u00e7ici olarak ta\u015f\u0131nmas\u0131n\u0131 ve depolanmas\u0131n\u0131 kapsayan s\u00fcre\u00e7tir. E\u011fer \u00fcr\u00fcn\u00fcn i\u015flenece\u011fi yer yani tabakhane mezbahaya yak\u0131nsa bu ad\u0131m atlanabilir. Ancak iki yer aras\u0131nda mesafe var ise s\u00fcr\u00fcngen derisi hari\u00e7 t\u00fcm hayvan derisi i\u00e7in ge\u00e7erli olan bir a\u015famad\u0131r.<\/li>\n<li><strong>Haz\u0131rl\u0131k \u0130\u015flemleri: <\/strong>Ham hayvan postu \u00f6ncelikli olarak kirden, kandan, tuzdan ve t\u00fcyden ar\u0131nd\u0131r\u0131l\u0131r. Bu a\u015famada baz\u0131 kimyasal i\u015flemler uygulanarak derinin kolajen yap\u0131s\u0131n\u0131n a\u00e7\u0131larak etlenmesi sa\u011flan\u0131r. Bu a\u015fama sona erdi\u011finde deriler tabaklama ad\u0131m\u0131 i\u00e7in haz\u0131r hale gelmi\u015f olur.<\/li>\n<li><strong>Tabaklama: <\/strong>Bu a\u015fama deri \u00fcretmen i\u00e7in hayvan derilerinin ve postlar\u0131n\u0131n i\u015flenmeye ba\u015fland\u0131\u011f\u0131 s\u00fcreci kapsar. Tabakhane, bu i\u015flemlerin yap\u0131ld\u0131\u011f\u0131 yere verilen isimdir. Deri tabaklama, derinin protein yap\u0131s\u0131n\u0131n kal\u0131c\u0131 olarak de\u011fi\u015ftirilmesi ile daha dayan\u0131kl\u0131, bozulmaya, renklenmeye kar\u015f\u0131 daha az duyarl\u0131 hale getirilmesi i\u015flemidir. Deri tabaklama i\u015flemleri, krom tabaklama, aldehit tabaklama, al\u00fcminyum tabaklama, bitkisel tabaklama gibi farkl\u0131 y\u00f6ntemler ile ger\u00e7ekle\u015ftirilmektedir.<\/li>\n<li><strong>Finisaj:<\/strong> Tabaklama sonras\u0131 deriye verilmesi istenen \u00f6zellikler i\u00e7in i\u015flemler yap\u0131lmaya ba\u015flan\u0131r. Bu a\u015famada istenilen boyalar, ya\u011flar gibi maddeler uygulan\u0131r. T\u00fcm bu a\u015famalar tamamland\u0131ktan sonra art\u0131k \u201cbitirici\u201d dokunu\u015f ad\u0131m\u0131na ge\u00e7ilir. Deriyi korumak, kullan\u0131m performans\u0131n\u0131 artt\u0131rmak i\u00e7in birka\u00e7 iyile\u015ftirici i\u015flem uygulan\u0131r. Sonras\u0131nda ise kullan\u0131laca\u011f\u0131 alana ve modaya uygun renkler, desenler olu\u015fturmak i\u00e7in birka\u00e7 katmandan olu\u015fan son bir film kullan\u0131l\u0131r.<\/li>\n<\/ol>\n\n<p><strong>Deride Bozulmaya Neden Olan Fakt\u00f6rler Nelerdir?<\/strong><\/p>\n\n<p>Deri \u00fcretim a\u015famas\u0131n\u0131n en \u00f6nemli ad\u0131m\u0131 \u201cTabaklama\u201dd\u0131r. Bu a\u015famada uygulanan y\u00f6ntemlerin yanl\u0131\u015f ya da eksik olmas\u0131 derinin bozulmas\u0131na neden olabilmektedir. Tabaklama s\u00fcrecinde, deri do\u011fru \u015fekilde korumaya al\u0131nmaz ise bozulmalar meydana gelebilir. Derinin bozulmas\u0131na sebep olan etkenleri 5 farkl\u0131 ana ba\u015fl\u0131kta ele alabiliriz.<\/p>\n<br \/>\n<ol type=\"1\">\n<li>Derinin \u00dcretim S\u00fcrecinden Kaynaklanan Sebepler<\/li>\n<li>Ham hayvan postunun uygun olmayan \u015fartlarda saklanmas\u0131\/depolanmas\u0131<\/li>\n<li>S\u00fcre\u00e7 i\u00e7erisinde kullan\u0131lan kimyasal maddelerin deriye uygun olmamas\u0131<\/li>\n<li>Mekanik m\u00fcdehalelerde yap\u0131lan teknik hatalar<\/li>\n<\/ol>\n<br \/>\n<ol start=\"2\" type=\"1\">\n<li>Derinin Bozulmas\u0131nda Etkili Olan Di\u011fer Fakt\u00f6rler<\/li>\n<li>Nem<\/li>\n<li>S\u0131cakl\u0131k<\/li>\n<li>I\u015f\u0131k \/ Do\u011frudan g\u00fcne\u015f \u0131\u015f\u0131\u011f\u0131<\/li>\n<li>Kirli hava<\/li>\n<\/ol>\n<br \/>\n<ol start=\"3\" type=\"1\">\n<li>Derilerin Kullan\u0131m Alan\u0131<\/li>\n<li>Temas halinde bulundu\u011fu metaller<\/li>\n<li>Temas halinde bulundu\u011fu ah\u015fap vb. Di\u011fer y\u00fczeyler<\/li>\n<\/ol>\n\n<p><strong>Deriyi Nas\u0131l Koruyabilir ve Uzun S\u00fcreli Kullanabiliriz?<\/strong> Deri korunmas\u0131 ve saklanmas\u0131 zor bir maddedir. Organik yap\u0131s\u0131 sebebi ile d\u00fczenli bak\u0131mlar\u0131n\u0131n yap\u0131lmas\u0131, \u00f6nleyici tedbirlerin al\u0131nmas\u0131 derinin kullan\u0131m s\u00fcresini uzatacakt\u0131r. Hayvandan y\u00fcz\u00fcld\u00fc\u011f\u00fc andan itibaren derinin her a\u015famada \u00f6zenle, titizlikle ve do\u011fru ad\u0131mlar ile i\u015flenmesi koruma ve uzun s\u00fcreli kullan\u0131m i\u00e7in \u00f6nemlidir. Deri \u00fcr\u00fcnleri korumak \u00fc\u00e7 temel a\u015famadan olu\u015fur. Do\u011fru \u00fcretim, saklama ve d\u00fczenli bak\u0131m. Deri \u00fcr\u00fcnlerinizi do\u011fru saklama ko\u015fullar\u0131 ve d\u00fczenli yapt\u0131\u011f\u0131n\u0131z bak\u0131mlar ile uzun y\u0131llar sa\u011fl\u0131kl\u0131 \u015fekilde kullanabilirsiniz<\/p>\n<p>\u00a0Merve Alt\u0131n &#8220;Erciyes Deri \u0130\u00e7in yazd\u0131. 18.04.2022&#8221;<\/p>\n<p>[\/vc_column_text][\/vc_column][\/vc_row]<\/p>\n","protected":false},"excerpt":{"rendered":"<p>[vc_row][vc_column][vc_column_text] &nbsp; &nbsp; Deri \u00dcretim S\u00fcre\u00e7leri Hakk\u0131nda Bilmeniz Gerekenler &nbsp; \u00a0 \u00a0 Giydi\u011fimiz deri ceketten, oturdu\u011fumuz koltu\u011fa, kulland\u0131\u011f\u0131m\u0131z c\u00fczdanlardan giydi\u011fimiz ayakkab\u0131lara kadar deri kullan\u0131m\u0131 ile hayat\u0131m\u0131z\u0131n pek \u00e7ok alan\u0131nda kar\u015f\u0131la\u015f\u0131yoruz. Kulland\u0131\u011f\u0131m\u0131z t\u00fcm deri \u00fcr\u00fcnlerin uzun \u00f6m\u00fcrl\u00fc ve dayan\u0131kl\u0131 olmas\u0131 hepimiz i\u00e7in olduk\u00e7a \u00f6nemli. Peki, g\u00fcnl\u00fck hayatta s\u0131k s\u0131k kulland\u0131\u011f\u0131m\u0131z bu \u00fcr\u00fcnlerde kullan\u0131lan ger\u00e7ek deri nas\u0131l [&hellip;]<\/p>\n","protected":false},"author":1,"featured_media":0,"parent":0,"menu_order":0,"comment_status":"closed","ping_status":"closed","template":"","meta":[],"yoast_head":"<!-- This site is optimized with the Yoast SEO plugin v18.2 - https:\/\/yoast.com\/wordpress\/plugins\/seo\/ -->\n<title>Deri \u00dcretim S\u00fcre\u00e7leri Hakk\u0131nda Bilmeniz Gerekenler - Erciyes Deri<\/title>\n<meta name=\"robots\" content=\"index, follow, max-snippet:-1, max-image-preview:large, max-video-preview:-1\" \/>\n<link rel=\"canonical\" href=\"https:\/\/erciyesderi.com\/index.php\/deri-uretim-surecleri-hakkinda-bilmeniz-gerekenler\/\" \/>\n<meta property=\"og:locale\" content=\"tr_TR\" \/>\n<meta property=\"og:type\" content=\"article\" \/>\n<meta property=\"og:title\" content=\"Deri \u00dcretim S\u00fcre\u00e7leri Hakk\u0131nda Bilmeniz Gerekenler - Erciyes Deri\" \/>\n<meta property=\"og:description\" content=\"[vc_row][vc_column][vc_column_text] &nbsp; &nbsp; Deri \u00dcretim S\u00fcre\u00e7leri Hakk\u0131nda Bilmeniz Gerekenler &nbsp; \u00a0 \u00a0 Giydi\u011fimiz deri ceketten, oturdu\u011fumuz koltu\u011fa, kulland\u0131\u011f\u0131m\u0131z c\u00fczdanlardan giydi\u011fimiz ayakkab\u0131lara kadar deri kullan\u0131m\u0131 ile hayat\u0131m\u0131z\u0131n pek \u00e7ok alan\u0131nda kar\u015f\u0131la\u015f\u0131yoruz. Kulland\u0131\u011f\u0131m\u0131z t\u00fcm deri \u00fcr\u00fcnlerin uzun \u00f6m\u00fcrl\u00fc ve dayan\u0131kl\u0131 olmas\u0131 hepimiz i\u00e7in olduk\u00e7a \u00f6nemli. Peki, g\u00fcnl\u00fck hayatta s\u0131k s\u0131k kulland\u0131\u011f\u0131m\u0131z bu \u00fcr\u00fcnlerde kullan\u0131lan ger\u00e7ek deri nas\u0131l [&hellip;]\" \/>\n<meta property=\"og:url\" content=\"https:\/\/erciyesderi.com\/index.php\/deri-uretim-surecleri-hakkinda-bilmeniz-gerekenler\/\" \/>\n<meta property=\"og:site_name\" content=\"Erciyes Deri\" \/>\n<meta property=\"article:modified_time\" content=\"2022-05-10T17:26:49+00:00\" \/>\n<meta name=\"twitter:card\" content=\"summary_large_image\" \/>\n<meta name=\"twitter:label1\" content=\"Tahmini okuma s\u00fcresi\" \/>\n\t<meta name=\"twitter:data1\" content=\"4 dakika\" \/>\n<script type=\"application\/ld+json\" class=\"yoast-schema-graph\">{\"@context\":\"https:\/\/schema.org\",\"@graph\":[{\"@type\":\"WebSite\",\"@id\":\"https:\/\/erciyesderi.com\/#website\",\"url\":\"https:\/\/erciyesderi.com\/\",\"name\":\"Erciyes Deri\",\"description\":\"Deri \u00dcreticisi\",\"potentialAction\":[{\"@type\":\"SearchAction\",\"target\":{\"@type\":\"EntryPoint\",\"urlTemplate\":\"https:\/\/erciyesderi.com\/?s={search_term_string}\"},\"query-input\":\"required name=search_term_string\"}],\"inLanguage\":\"tr\"},{\"@type\":\"WebPage\",\"@id\":\"https:\/\/erciyesderi.com\/index.php\/deri-uretim-surecleri-hakkinda-bilmeniz-gerekenler\/#webpage\",\"url\":\"https:\/\/erciyesderi.com\/index.php\/deri-uretim-surecleri-hakkinda-bilmeniz-gerekenler\/\",\"name\":\"Deri \u00dcretim S\u00fcre\u00e7leri Hakk\u0131nda Bilmeniz Gerekenler - Erciyes Deri\",\"isPartOf\":{\"@id\":\"https:\/\/erciyesderi.com\/#website\"},\"datePublished\":\"2022-04-18T16:00:08+00:00\",\"dateModified\":\"2022-05-10T17:26:49+00:00\",\"breadcrumb\":{\"@id\":\"https:\/\/erciyesderi.com\/index.php\/deri-uretim-surecleri-hakkinda-bilmeniz-gerekenler\/#breadcrumb\"},\"inLanguage\":\"tr\",\"potentialAction\":[{\"@type\":\"ReadAction\",\"target\":[\"https:\/\/erciyesderi.com\/index.php\/deri-uretim-surecleri-hakkinda-bilmeniz-gerekenler\/\"]}]},{\"@type\":\"BreadcrumbList\",\"@id\":\"https:\/\/erciyesderi.com\/index.php\/deri-uretim-surecleri-hakkinda-bilmeniz-gerekenler\/#breadcrumb\",\"itemListElement\":[{\"@type\":\"ListItem\",\"position\":1,\"name\":\"Anasayfa\",\"item\":\"https:\/\/erciyesderi.com\/\"},{\"@type\":\"ListItem\",\"position\":2,\"name\":\"Deri \u00dcretim S\u00fcre\u00e7leri Hakk\u0131nda Bilmeniz Gerekenler\"}]}]}<\/script>\n<!-- \/ Yoast SEO plugin. -->","yoast_head_json":{"title":"Deri \u00dcretim S\u00fcre\u00e7leri Hakk\u0131nda Bilmeniz Gerekenler - Erciyes Deri","robots":{"index":"index","follow":"follow","max-snippet":"max-snippet:-1","max-image-preview":"max-image-preview:large","max-video-preview":"max-video-preview:-1"},"canonical":"https:\/\/erciyesderi.com\/index.php\/deri-uretim-surecleri-hakkinda-bilmeniz-gerekenler\/","og_locale":"tr_TR","og_type":"article","og_title":"Deri \u00dcretim S\u00fcre\u00e7leri Hakk\u0131nda Bilmeniz Gerekenler - Erciyes Deri","og_description":"[vc_row][vc_column][vc_column_text] &nbsp; &nbsp; Deri \u00dcretim S\u00fcre\u00e7leri Hakk\u0131nda Bilmeniz Gerekenler &nbsp; \u00a0 \u00a0 Giydi\u011fimiz deri ceketten, oturdu\u011fumuz koltu\u011fa, kulland\u0131\u011f\u0131m\u0131z c\u00fczdanlardan giydi\u011fimiz ayakkab\u0131lara kadar deri kullan\u0131m\u0131 ile hayat\u0131m\u0131z\u0131n pek \u00e7ok alan\u0131nda kar\u015f\u0131la\u015f\u0131yoruz. Kulland\u0131\u011f\u0131m\u0131z t\u00fcm deri \u00fcr\u00fcnlerin uzun \u00f6m\u00fcrl\u00fc ve dayan\u0131kl\u0131 olmas\u0131 hepimiz i\u00e7in olduk\u00e7a \u00f6nemli. Peki, g\u00fcnl\u00fck hayatta s\u0131k s\u0131k kulland\u0131\u011f\u0131m\u0131z bu \u00fcr\u00fcnlerde kullan\u0131lan ger\u00e7ek deri nas\u0131l [&hellip;]","og_url":"https:\/\/erciyesderi.com\/index.php\/deri-uretim-surecleri-hakkinda-bilmeniz-gerekenler\/","og_site_name":"Erciyes Deri","article_modified_time":"2022-05-10T17:26:49+00:00","twitter_card":"summary_large_image","twitter_misc":{"Tahmini okuma s\u00fcresi":"4 dakika"},"schema":{"@context":"https:\/\/schema.org","@graph":[{"@type":"WebSite","@id":"https:\/\/erciyesderi.com\/#website","url":"https:\/\/erciyesderi.com\/","name":"Erciyes Deri","description":"Deri \u00dcreticisi","potentialAction":[{"@type":"SearchAction","target":{"@type":"EntryPoint","urlTemplate":"https:\/\/erciyesderi.com\/?s={search_term_string}"},"query-input":"required name=search_term_string"}],"inLanguage":"tr"},{"@type":"WebPage","@id":"https:\/\/erciyesderi.com\/index.php\/deri-uretim-surecleri-hakkinda-bilmeniz-gerekenler\/#webpage","url":"https:\/\/erciyesderi.com\/index.php\/deri-uretim-surecleri-hakkinda-bilmeniz-gerekenler\/","name":"Deri \u00dcretim S\u00fcre\u00e7leri Hakk\u0131nda Bilmeniz Gerekenler - Erciyes Deri","isPartOf":{"@id":"https:\/\/erciyesderi.com\/#website"},"datePublished":"2022-04-18T16:00:08+00:00","dateModified":"2022-05-10T17:26:49+00:00","breadcrumb":{"@id":"https:\/\/erciyesderi.com\/index.php\/deri-uretim-surecleri-hakkinda-bilmeniz-gerekenler\/#breadcrumb"},"inLanguage":"tr","potentialAction":[{"@type":"ReadAction","target":["https:\/\/erciyesderi.com\/index.php\/deri-uretim-surecleri-hakkinda-bilmeniz-gerekenler\/"]}]},{"@type":"BreadcrumbList","@id":"https:\/\/erciyesderi.com\/index.php\/deri-uretim-surecleri-hakkinda-bilmeniz-gerekenler\/#breadcrumb","itemListElement":[{"@type":"ListItem","position":1,"name":"Anasayfa","item":"https:\/\/erciyesderi.com\/"},{"@type":"ListItem","position":2,"name":"Deri \u00dcretim S\u00fcre\u00e7leri Hakk\u0131nda Bilmeniz Gerekenler"}]}]}},"_links":{"self":[{"href":"https:\/\/erciyesderi.com\/index.php\/wp-json\/wp\/v2\/pages\/4385"}],"collection":[{"href":"https:\/\/erciyesderi.com\/index.php\/wp-json\/wp\/v2\/pages"}],"about":[{"href":"https:\/\/erciyesderi.com\/index.php\/wp-json\/wp\/v2\/types\/page"}],"author":[{"embeddable":true,"href":"https:\/\/erciyesderi.com\/index.php\/wp-json\/wp\/v2\/users\/1"}],"replies":[{"embeddable":true,"href":"https:\/\/erciyesderi.com\/index.php\/wp-json\/wp\/v2\/comments?post=4385"}],"version-history":[{"count":7,"href":"https:\/\/erciyesderi.com\/index.php\/wp-json\/wp\/v2\/pages\/4385\/revisions"}],"predecessor-version":[{"id":4412,"href":"https:\/\/erciyesderi.com\/index.php\/wp-json\/wp\/v2\/pages\/4385\/revisions\/4412"}],"wp:attachment":[{"href":"https:\/\/erciyesderi.com\/index.php\/wp-json\/wp\/v2\/media?parent=4385"}],"curies":[{"name":"wp","href":"https:\/\/api.w.org\/{rel}","templated":true}]}}